{"id":36,"date":"2026-03-03T10:33:37","date_gmt":"2026-03-03T09:33:37","guid":{"rendered":"https:\/\/site28.monsitecommeunpro.fr\/?page_id=36"},"modified":"2026-03-10T09:23:39","modified_gmt":"2026-03-10T08:23:39","slug":"nous-contacter","status":"publish","type":"page","link":"https:\/\/site28.monsitecommeunpro.fr\/?page_id=36","title":{"rendered":"Nous contacter"},"content":{"rendered":"\n<h1 class=\"wp-block-heading\"><\/h1>\n\n\n\n<h2 class=\"wp-block-heading\">Contactez CR Immobilier<\/h2>\n\n\n\n<figure class=\"wp-block-image alignright size-large is-resized\"><a href=\"https:\/\/share.google\/naOVwPeSUfgoSD0Lv\" target=\"_blank\" rel=\" noreferrer noopener\"><img loading=\"lazy\" decoding=\"async\" width=\"1024\" height=\"740\" src=\"https:\/\/site28.monsitecommeunpro.fr\/wp-content\/uploads\/2026\/03\/Image-10-03-2026-a-08.32-1024x740.jpeg\" alt=\"\" class=\"wp-image-145\" style=\"aspect-ratio:1.3838276985571023;width:377px;height:auto\" srcset=\"https:\/\/site28.monsitecommeunpro.fr\/wp-content\/uploads\/2026\/03\/Image-10-03-2026-a-08.32-1024x740.jpeg 1024w, https:\/\/site28.monsitecommeunpro.fr\/wp-content\/uploads\/2026\/03\/Image-10-03-2026-a-08.32-300x217.jpeg 300w, https:\/\/site28.monsitecommeunpro.fr\/wp-content\/uploads\/2026\/03\/Image-10-03-2026-a-08.32-768x555.jpeg 768w, https:\/\/site28.monsitecommeunpro.fr\/wp-content\/uploads\/2026\/03\/Image-10-03-2026-a-08.32.jpeg 1296w\" sizes=\"auto, (max-width: 1024px) 100vw, 1024px\" \/><\/a><\/figure>\n\n\n\n<p>\ud83d\udccd&nbsp;<strong>Adresse :<\/strong><br>8 Avenue du Mar\u00e9chal Leclerc<br>08200 Sedan<\/p>\n\n\n\n<p>\ud83d\udcde&nbsp;<strong>T\u00e9l\u00e9phone :<\/strong><br>06 12 14 45 67<\/p>\n\n\n\n<p>\ud83d\udce7&nbsp;<strong>Email :<\/strong><br><a>rsavart@crimmobilier.com<\/a><\/p>\n\n\n\n<p>\ud83d\udd52&nbsp;<strong>Horaires d\u2019ouverture :<\/strong><br>Du lundi au vendredi : 9h00 \u2013 12h00 \/ 14h00 \u2013 18h00<br>Samedi : 9h00 \u2013 12h00<\/p>\n\n\n\n<p>Pour toute demande d\u2019information, estimation ou prise de rendez-vous, contactez-nous via le formulaire ou directement \u00e0 l\u2019agence.<\/p>\n\n\n\n<p>Notre \u00e9quipe se tient \u00e0 votre disposition pour concr\u00e9tiser votre projet immobilier.<\/p>\n\n\n\n<div class=\"wp-block-uagb-forms uagb-forms__outer-wrap uagb-block-d1c6e926 uagb-forms__medium-btn\"><form class=\"uagb-forms-main-form\" method=\"post\" autocomplete=\"on\" name=\"uagb-form-d1c6e926\">\n<div class=\"wp-block-uagb-forms-name uagb-forms-name-wrap uagb-forms-field-set uagb-block-b8aa256a\"><div class=\"uagb-forms-name-label required uagb-forms-input-label\" id=\"b8aa256a\">Nom<\/div><input type=\"text\" placeholder=\"Raphael\" required class=\"uagb-forms-name-input uagb-forms-input\" name=\"b8aa256a\" autocomplete=\"given-name\"\/><\/div>\n\n\n\n<div class=\"wp-block-uagb-forms-name uagb-forms-name-wrap uagb-forms-field-set uagb-block-3eecb1b8\"><div class=\"uagb-forms-name-label required uagb-forms-input-label\" id=\"3eecb1b8\">Pr\u00e9nom<\/div><input type=\"text\" placeholder=\"Savart\" required class=\"uagb-forms-name-input uagb-forms-input\" name=\"3eecb1b8\" autocomplete=\"family-name\"\/><\/div>\n\n\n\n<div class=\"wp-block-uagb-forms-email uagb-forms-email-wrap uagb-forms-field-set uagb-block-011dce7d\"><div class=\"uagb-forms-email-label  uagb-forms-input-label\" id=\"011dce7d\">Email<\/div><input type=\"email\" class=\"uagb-forms-email-input uagb-forms-input\" placeholder=\"rsavart@crimmobilier.com\" name=\"011dce7d\" autocomplete=\"email\"\/><\/div>\n\n\n\n<div class=\"wp-block-uagb-forms-textarea uagb-forms-textarea-wrap uagb-forms-field-set uagb-block-f2d9efa0\"><div class=\"uagb-forms-textarea-label required uagb-forms-input-label\" id=\"f2d9efa0\">Message<\/div><textarea required class=\"uagb-forms-textarea-input uagb-forms-input\" rows=\"4\" placeholder=\"Entrer votre message \" name=\"f2d9efa0\" autocomplete=\"off\"><\/textarea><\/div>\n<div class=\"uagb-forms-form-hidden-data\"><input type=\"hidden\" class=\"uagb_forms_form_label\" value=\"Spectra Form\"\/><input type=\"hidden\" class=\"uagb_forms_form_id\" value=\"uagb-form-d1c6e926\"\/><\/div><div class=\"uagb-form-reacaptcha-error-d1c6e926\"><\/div><div class=\"uagb-forms-main-submit-button-wrap wp-block-button\"><button class=\"uagb-forms-main-submit-button wp-block-button__link\"><div class=\"uagb-forms-main-submit-button-text\">Envoyer<\/div><\/button><\/div><\/form><div class=\"uagb-forms-success-message-d1c6e926 uagb-forms-submit-message-hide\"><span>The form has been submitted successfully!<\/span><\/div><div class=\"uagb-forms-failed-message-d1c6e926 uagb-forms-submit-message-hide\"><span>There has been some error while submitting the form. Please verify all form fields again.<\/span><\/div><\/div>\n\n\n\n<p><\/p>\n","protected":false},"excerpt":{"rendered":"<p>Contactez CR Immobilier \ud83d\udccd&nbsp;Adresse :8 Avenue du Mar\u00e9chal Leclerc08200 Sedan \ud83d\udcde&nbsp;T\u00e9l\u00e9phone :06 12 14 45 67 \ud83d\udce7&nbsp;Email :rsavart@crimmobilier.com \ud83d\udd52&nbsp;Horaires d\u2019ouverture [&hellip;]<\/p>\n","protected":false},"author":1,"featured_media":0,"parent":0,"menu_order":0,"comment_status":"closed","ping_status":"closed","template":"","meta":{"_uag_custom_page_level_css":"","site-sidebar-layout":"default","site-content-layout":"","ast-site-content-layout":"default","site-content-style":"default","site-sidebar-style":"default","ast-global-header-display":"","ast-banner-title-visibility":"","ast-main-header-display":"","ast-hfb-above-header-display":"","ast-hfb-below-header-display":"","ast-hfb-mobile-header-display":"","site-post-title":"disabled","ast-breadcrumbs-content":"","ast-featured-img":"","footer-sml-layout":"","theme-transparent-header-meta":"","adv-header-id-meta":"","stick-header-meta":"","header-above-stick-meta":"","header-main-stick-meta":"","header-below-stick-meta":"","astra-migrate-meta-layouts":"default","ast-page-background-enabled":"default","ast-page-background-meta":{"desktop":{"background-color":"var(--ast-global-color-5)","background-image":"","background-repeat":"repeat","background-position":"center center","background-size":"auto","background-attachment":"scroll","background-type":"","background-media":"","overlay-type":"","overlay-color":"","overlay-opacity":"","overlay-gradient":""},"tablet":{"background-color":"","background-image":"","background-repeat":"repeat","background-position":"center center","background-size":"auto","background-attachment":"scroll","background-type":"","background-media":"","overlay-type":"","overlay-color":"","overlay-opacity":"","overlay-gradient":""},"mobile":{"background-color":"","background-image":"","background-repeat":"repeat","background-position":"center center","background-size":"auto","background-attachment":"scroll","background-type":"","background-media":"","overlay-type":"","overlay-color":"","overlay-opacity":"","overlay-gradient":""}},"ast-content-background-meta":{"desktop":{"background-color":"var(--ast-global-color-4)","background-image":"","background-repeat":"repeat","background-position":"center center","background-size":"auto","background-attachment":"scroll","background-type":"","background-media":"","overlay-type":"","overlay-color":"","overlay-opacity":"","overlay-gradient":""},"tablet":{"background-color":"var(--ast-global-color-4)","background-image":"","background-repeat":"repeat","background-position":"center center","background-size":"auto","background-attachment":"scroll","background-type":"","background-media":"","overlay-type":"","overlay-color":"","overlay-opacity":"","overlay-gradient":""},"mobile":{"background-color":"var(--ast-global-color-4)","background-image":"","background-repeat":"repeat","background-position":"center center","background-size":"auto","background-attachment":"scroll","background-type":"","background-media":"","overlay-type":"","overlay-color":"","overlay-opacity":"","overlay-gradient":""}},"footnotes":""},"class_list":["post-36","page","type-page","status-publish","hentry"],"yoast_head":"<!-- This site is optimized with the Yoast SEO plugin v27.0 - https:\/\/yoast.com\/product\/yoast-seo-wordpress\/ -->\n<title>Nous contacter -<\/title>\n<meta name=\"robots\" content=\"index, follow, max-snippet:-1, max-image-preview:large, max-video-preview:-1\" \/>\n<link rel=\"canonical\" href=\"https:\/\/site28.monsitecommeunpro.fr\/?page_id=36\" \/>\n<meta property=\"og:locale\" content=\"fr_FR\" \/>\n<meta property=\"og:type\" content=\"article\" \/>\n<meta property=\"og:title\" content=\"Nous contacter -\" \/>\n<meta property=\"og:description\" content=\"Contactez CR Immobilier \ud83d\udccd&nbsp;Adresse :8 Avenue du Mar\u00e9chal Leclerc08200 Sedan \ud83d\udcde&nbsp;T\u00e9l\u00e9phone :06 12 14 45 67 \ud83d\udce7&nbsp;Email :rsavart@crimmobilier.com \ud83d\udd52&nbsp;Horaires d\u2019ouverture [&hellip;]\" \/>\n<meta property=\"og:url\" content=\"https:\/\/site28.monsitecommeunpro.fr\/?page_id=36\" \/>\n<meta property=\"article:modified_time\" content=\"2026-03-10T08:23:39+00:00\" \/>\n<meta property=\"og:image\" content=\"https:\/\/site28.monsitecommeunpro.fr\/wp-content\/uploads\/2026\/03\/Image-10-03-2026-a-08.32.jpeg\" \/>\n\t<meta property=\"og:image:width\" content=\"1296\" \/>\n\t<meta property=\"og:image:height\" content=\"936\" \/>\n\t<meta property=\"og:image:type\" content=\"image\/jpeg\" \/>\n<meta name=\"twitter:card\" content=\"summary_large_image\" \/>\n<script type=\"application\/ld+json\" class=\"yoast-schema-graph\">{\"@context\":\"https:\/\/schema.org\",\"@graph\":[{\"@type\":\"WebPage\",\"@id\":\"https:\/\/site28.monsitecommeunpro.fr\/?page_id=36\",\"url\":\"https:\/\/site28.monsitecommeunpro.fr\/?page_id=36\",\"name\":\"Nous contacter -\",\"isPartOf\":{\"@id\":\"https:\/\/site28.monsitecommeunpro.fr\/#website\"},\"primaryImageOfPage\":{\"@id\":\"https:\/\/site28.monsitecommeunpro.fr\/?page_id=36#primaryimage\"},\"image\":{\"@id\":\"https:\/\/site28.monsitecommeunpro.fr\/?page_id=36#primaryimage\"},\"thumbnailUrl\":\"https:\/\/site28.monsitecommeunpro.fr\/wp-content\/uploads\/2026\/03\/Image-10-03-2026-a-08.32-1024x740.jpeg\",\"datePublished\":\"2026-03-03T09:33:37+00:00\",\"dateModified\":\"2026-03-10T08:23:39+00:00\",\"breadcrumb\":{\"@id\":\"https:\/\/site28.monsitecommeunpro.fr\/?page_id=36#breadcrumb\"},\"inLanguage\":\"fr-FR\",\"potentialAction\":[{\"@type\":\"ReadAction\",\"target\":[\"https:\/\/site28.monsitecommeunpro.fr\/?page_id=36\"]}]},{\"@type\":\"ImageObject\",\"inLanguage\":\"fr-FR\",\"@id\":\"https:\/\/site28.monsitecommeunpro.fr\/?page_id=36#primaryimage\",\"url\":\"https:\/\/site28.monsitecommeunpro.fr\/wp-content\/uploads\/2026\/03\/Image-10-03-2026-a-08.32.jpeg\",\"contentUrl\":\"https:\/\/site28.monsitecommeunpro.fr\/wp-content\/uploads\/2026\/03\/Image-10-03-2026-a-08.32.jpeg\",\"width\":1296,\"height\":936},{\"@type\":\"BreadcrumbList\",\"@id\":\"https:\/\/site28.monsitecommeunpro.fr\/?page_id=36#breadcrumb\",\"itemListElement\":[{\"@type\":\"ListItem\",\"position\":1,\"name\":\"Accueil\",\"item\":\"https:\/\/site28.monsitecommeunpro.fr\/\"},{\"@type\":\"ListItem\",\"position\":2,\"name\":\"Nous contacter\"}]},{\"@type\":\"WebSite\",\"@id\":\"https:\/\/site28.monsitecommeunpro.fr\/#website\",\"url\":\"https:\/\/site28.monsitecommeunpro.fr\/\",\"name\":\"\",\"description\":\"\",\"potentialAction\":[{\"@type\":\"SearchAction\",\"target\":{\"@type\":\"EntryPoint\",\"urlTemplate\":\"https:\/\/site28.monsitecommeunpro.fr\/?s={search_term_string}\"},\"query-input\":{\"@type\":\"PropertyValueSpecification\",\"valueRequired\":true,\"valueName\":\"search_term_string\"}}],\"inLanguage\":\"fr-FR\"}]}<\/script>\n<!-- \/ Yoast SEO plugin. -->","yoast_head_json":{"title":"Nous contacter -","robots":{"index":"index","follow":"follow","max-snippet":"max-snippet:-1","max-image-preview":"max-image-preview:large","max-video-preview":"max-video-preview:-1"},"canonical":"https:\/\/site28.monsitecommeunpro.fr\/?page_id=36","og_locale":"fr_FR","og_type":"article","og_title":"Nous contacter -","og_description":"Contactez CR Immobilier \ud83d\udccd&nbsp;Adresse :8 Avenue du Mar\u00e9chal Leclerc08200 Sedan \ud83d\udcde&nbsp;T\u00e9l\u00e9phone :06 12 14 45 67 \ud83d\udce7&nbsp;Email :rsavart@crimmobilier.com \ud83d\udd52&nbsp;Horaires d\u2019ouverture [&hellip;]","og_url":"https:\/\/site28.monsitecommeunpro.fr\/?page_id=36","article_modified_time":"2026-03-10T08:23:39+00:00","og_image":[{"width":1296,"height":936,"url":"https:\/\/site28.monsitecommeunpro.fr\/wp-content\/uploads\/2026\/03\/Image-10-03-2026-a-08.32.jpeg","type":"image\/jpeg"}],"twitter_card":"summary_large_image","schema":{"@context":"https:\/\/schema.org","@graph":[{"@type":"WebPage","@id":"https:\/\/site28.monsitecommeunpro.fr\/?page_id=36","url":"https:\/\/site28.monsitecommeunpro.fr\/?page_id=36","name":"Nous contacter -","isPartOf":{"@id":"https:\/\/site28.monsitecommeunpro.fr\/#website"},"primaryImageOfPage":{"@id":"https:\/\/site28.monsitecommeunpro.fr\/?page_id=36#primaryimage"},"image":{"@id":"https:\/\/site28.monsitecommeunpro.fr\/?page_id=36#primaryimage"},"thumbnailUrl":"https:\/\/site28.monsitecommeunpro.fr\/wp-content\/uploads\/2026\/03\/Image-10-03-2026-a-08.32-1024x740.jpeg","datePublished":"2026-03-03T09:33:37+00:00","dateModified":"2026-03-10T08:23:39+00:00","breadcrumb":{"@id":"https:\/\/site28.monsitecommeunpro.fr\/?page_id=36#breadcrumb"},"inLanguage":"fr-FR","potentialAction":[{"@type":"ReadAction","target":["https:\/\/site28.monsitecommeunpro.fr\/?page_id=36"]}]},{"@type":"ImageObject","inLanguage":"fr-FR","@id":"https:\/\/site28.monsitecommeunpro.fr\/?page_id=36#primaryimage","url":"https:\/\/site28.monsitecommeunpro.fr\/wp-content\/uploads\/2026\/03\/Image-10-03-2026-a-08.32.jpeg","contentUrl":"https:\/\/site28.monsitecommeunpro.fr\/wp-content\/uploads\/2026\/03\/Image-10-03-2026-a-08.32.jpeg","width":1296,"height":936},{"@type":"BreadcrumbList","@id":"https:\/\/site28.monsitecommeunpro.fr\/?page_id=36#breadcrumb","itemListElement":[{"@type":"ListItem","position":1,"name":"Accueil","item":"https:\/\/site28.monsitecommeunpro.fr\/"},{"@type":"ListItem","position":2,"name":"Nous contacter"}]},{"@type":"WebSite","@id":"https:\/\/site28.monsitecommeunpro.fr\/#website","url":"https:\/\/site28.monsitecommeunpro.fr\/","name":"","description":"","potentialAction":[{"@type":"SearchAction","target":{"@type":"EntryPoint","urlTemplate":"https:\/\/site28.monsitecommeunpro.fr\/?s={search_term_string}"},"query-input":{"@type":"PropertyValueSpecification","valueRequired":true,"valueName":"search_term_string"}}],"inLanguage":"fr-FR"}]}},"uagb_featured_image_src":{"full":false,"thumbnail":false,"medium":false,"medium_large":false,"large":false,"1536x1536":false,"2048x2048":false},"uagb_author_info":{"display_name":"admin","author_link":"https:\/\/site28.monsitecommeunpro.fr\/?author=1"},"uagb_comment_info":0,"uagb_excerpt":"Contactez CR Immobilier \ud83d\udccd&nbsp;Adresse :8 Avenue du Mar\u00e9chal Leclerc08200 Sedan \ud83d\udcde&nbsp;T\u00e9l\u00e9phone :06 12 14 45 67 \ud83d\udce7&nbsp;Email :rsavart@crimmobilier.com \ud83d\udd52&nbsp;Horaires d\u2019ouverture [&hellip;]","_links":{"self":[{"href":"https:\/\/site28.monsitecommeunpro.fr\/index.php?rest_route=\/wp\/v2\/pages\/36","targetHints":{"allow":["GET"]}}],"collection":[{"href":"https:\/\/site28.monsitecommeunpro.fr\/index.php?rest_route=\/wp\/v2\/pages"}],"about":[{"href":"https:\/\/site28.monsitecommeunpro.fr\/index.php?rest_route=\/wp\/v2\/types\/page"}],"author":[{"embeddable":true,"href":"https:\/\/site28.monsitecommeunpro.fr\/index.php?rest_route=\/wp\/v2\/users\/1"}],"replies":[{"embeddable":true,"href":"https:\/\/site28.monsitecommeunpro.fr\/index.php?rest_route=%2Fwp%2Fv2%2Fcomments&post=36"}],"version-history":[{"count":7,"href":"https:\/\/site28.monsitecommeunpro.fr\/index.php?rest_route=\/wp\/v2\/pages\/36\/revisions"}],"predecessor-version":[{"id":185,"href":"https:\/\/site28.monsitecommeunpro.fr\/index.php?rest_route=\/wp\/v2\/pages\/36\/revisions\/185"}],"wp:attachment":[{"href":"https:\/\/site28.monsitecommeunpro.fr\/index.php?rest_route=%2Fwp%2Fv2%2Fmedia&parent=36"}],"curies":[{"name":"wp","href":"https:\/\/api.w.org\/{rel}","templated":true}]}}