{"id":40,"date":"2026-03-03T10:36:14","date_gmt":"2026-03-03T09:36:14","guid":{"rendered":"https:\/\/site28.monsitecommeunpro.fr\/?page_id=40"},"modified":"2026-03-10T08:17:32","modified_gmt":"2026-03-10T07:17:32","slug":"estimer-mon-bien","status":"publish","type":"page","link":"https:\/\/site28.monsitecommeunpro.fr\/?page_id=40","title":{"rendered":"Estimer mon bien"},"content":{"rendered":"\n<h1 class=\"wp-block-heading\"><\/h1>\n\n\n\n<h2 class=\"wp-block-heading\">\ud83d\udcca Estimez votre bien gratuitement<\/h2>\n\n\n\n<p>Vous souhaitez conna\u00eetre la valeur r\u00e9elle de votre maison ou appartement \u00e0 Sedan ?<\/p>\n\n\n\n<p>Chez CR Immobilier, nous vous proposons une&nbsp;<strong>estimation pr\u00e9cise, gratuite et sans engagement<\/strong>, bas\u00e9e sur :<\/p>\n\n\n\n<ul class=\"wp-block-list\">\n<li>L\u2019analyse du march\u00e9 local<\/li>\n\n\n\n<li>Les biens r\u00e9cemment vendus dans votre secteur<\/li>\n\n\n\n<li>Les caract\u00e9ristiques sp\u00e9cifiques de votre bien<\/li>\n<\/ul>\n\n\n\n<h3 class=\"wp-block-heading\">Pourquoi faire estimer votre bien ?<\/h3>\n\n\n\n<p>\u2714 Vendre au juste prix<br>\u2714 Attirer plus d\u2019acheteurs<br>\u2714 R\u00e9duire les d\u00e9lais de vente<br>\u2714 Maximiser votre rentabilit\u00e9<\/p>\n\n\n\n<p>Remplissez notre formulaire ou <a href=\"https:\/\/site28.monsitecommeunpro.fr\/?page_id=36\">contactez-nous<\/a> directement pour prendre rendez-vous avec l\u2019un de nos conseillers.<\/p>\n\n\n\n<figure class=\"wp-block-gallery has-nested-images columns-default is-cropped wp-block-gallery-1 is-layout-flex wp-block-gallery-is-layout-flex\">\n<figure class=\"wp-block-image size-large\"><img loading=\"lazy\" decoding=\"async\" width=\"740\" height=\"420\" data-id=\"111\" src=\"https:\/\/site28.monsitecommeunpro.fr\/wp-content\/uploads\/2026\/03\/Image-4.jpeg\" alt=\"\" class=\"wp-image-111\" srcset=\"https:\/\/site28.monsitecommeunpro.fr\/wp-content\/uploads\/2026\/03\/Image-4.jpeg 740w, https:\/\/site28.monsitecommeunpro.fr\/wp-content\/uploads\/2026\/03\/Image-4-300x170.jpeg 300w\" sizes=\"auto, (max-width: 740px) 100vw, 740px\" \/><\/figure>\n\n\n\n<figure class=\"wp-block-image size-large\"><img loading=\"lazy\" decoding=\"async\" width=\"740\" height=\"420\" data-id=\"112\" src=\"https:\/\/site28.monsitecommeunpro.fr\/wp-content\/uploads\/2026\/03\/Image-3.jpeg\" alt=\"\" class=\"wp-image-112\" srcset=\"https:\/\/site28.monsitecommeunpro.fr\/wp-content\/uploads\/2026\/03\/Image-3.jpeg 740w, https:\/\/site28.monsitecommeunpro.fr\/wp-content\/uploads\/2026\/03\/Image-3-300x170.jpeg 300w\" sizes=\"auto, (max-width: 740px) 100vw, 740px\" \/><\/figure>\n\n\n\n<figure class=\"wp-block-image size-large\"><img loading=\"lazy\" decoding=\"async\" width=\"1024\" height=\"576\" data-id=\"113\" src=\"https:\/\/site28.monsitecommeunpro.fr\/wp-content\/uploads\/2026\/03\/Image-1-1024x576.jpeg\" alt=\"\" class=\"wp-image-113\" srcset=\"https:\/\/site28.monsitecommeunpro.fr\/wp-content\/uploads\/2026\/03\/Image-1-1024x576.jpeg 1024w, https:\/\/site28.monsitecommeunpro.fr\/wp-content\/uploads\/2026\/03\/Image-1-300x169.jpeg 300w, https:\/\/site28.monsitecommeunpro.fr\/wp-content\/uploads\/2026\/03\/Image-1-768x432.jpeg 768w, https:\/\/site28.monsitecommeunpro.fr\/wp-content\/uploads\/2026\/03\/Image-1-1536x864.jpeg 1536w, https:\/\/site28.monsitecommeunpro.fr\/wp-content\/uploads\/2026\/03\/Image-1.jpeg 1920w\" sizes=\"auto, (max-width: 1024px) 100vw, 1024px\" \/><\/figure>\n<\/figure>\n","protected":false},"excerpt":{"rendered":"<p>\ud83d\udcca Estimez votre bien gratuitement Vous souhaitez conna\u00eetre la valeur r\u00e9elle de votre maison ou appartement \u00e0 Sedan ? Chez [&hellip;]<\/p>\n","protected":false},"author":1,"featured_media":0,"parent":0,"menu_order":0,"comment_status":"closed","ping_status":"closed","template":"","meta":{"_uag_custom_page_level_css":"","site-sidebar-layout":"default","site-content-layout":"","ast-site-content-layout":"default","site-content-style":"default","site-sidebar-style":"default","ast-global-header-display":"","ast-banner-title-visibility":"","ast-main-header-display":"","ast-hfb-above-header-display":"","ast-hfb-below-header-display":"","ast-hfb-mobile-header-display":"","site-post-title":"disabled","ast-breadcrumbs-content":"","ast-featured-img":"","footer-sml-layout":"","theme-transparent-header-meta":"","adv-header-id-meta":"","stick-header-meta":"","header-above-stick-meta":"","header-main-stick-meta":"","header-below-stick-meta":"","astra-migrate-meta-layouts":"default","ast-page-background-enabled":"default","ast-page-background-meta":{"desktop":{"background-color":"var(--ast-global-color-5)","background-image":"","background-repeat":"repeat","background-position":"center center","background-size":"auto","background-attachment":"scroll","background-type":"","background-media":"","overlay-type":"","overlay-color":"","overlay-opacity":"","overlay-gradient":""},"tablet":{"background-color":"","background-image":"","background-repeat":"repeat","background-position":"center center","background-size":"auto","background-attachment":"scroll","background-type":"","background-media":"","overlay-type":"","overlay-color":"","overlay-opacity":"","overlay-gradient":""},"mobile":{"background-color":"","background-image":"","background-repeat":"repeat","background-position":"center center","background-size":"auto","background-attachment":"scroll","background-type":"","background-media":"","overlay-type":"","overlay-color":"","overlay-opacity":"","overlay-gradient":""}},"ast-content-background-meta":{"desktop":{"background-color":"var(--ast-global-color-4)","background-image":"","background-repeat":"repeat","background-position":"center center","background-size":"auto","background-attachment":"scroll","background-type":"","background-media":"","overlay-type":"","overlay-color":"","overlay-opacity":"","overlay-gradient":""},"tablet":{"background-color":"var(--ast-global-color-4)","background-image":"","background-repeat":"repeat","background-position":"center center","background-size":"auto","background-attachment":"scroll","background-type":"","background-media":"","overlay-type":"","overlay-color":"","overlay-opacity":"","overlay-gradient":""},"mobile":{"background-color":"var(--ast-global-color-4)","background-image":"","background-repeat":"repeat","background-position":"center center","background-size":"auto","background-attachment":"scroll","background-type":"","background-media":"","overlay-type":"","overlay-color":"","overlay-opacity":"","overlay-gradient":""}},"footnotes":""},"class_list":["post-40","page","type-page","status-publish","hentry"],"yoast_head":"<!-- This site is optimized with the Yoast SEO plugin v27.0 - https:\/\/yoast.com\/product\/yoast-seo-wordpress\/ -->\n<title>Estimer mon bien -<\/title>\n<meta name=\"robots\" content=\"index, follow, max-snippet:-1, max-image-preview:large, max-video-preview:-1\" \/>\n<link rel=\"canonical\" href=\"https:\/\/site28.monsitecommeunpro.fr\/?page_id=40\" \/>\n<meta property=\"og:locale\" content=\"fr_FR\" \/>\n<meta property=\"og:type\" content=\"article\" \/>\n<meta property=\"og:title\" content=\"Estimer mon bien -\" \/>\n<meta property=\"og:description\" content=\"\ud83d\udcca Estimez votre bien gratuitement Vous souhaitez conna\u00eetre la valeur r\u00e9elle de votre maison ou appartement \u00e0 Sedan ? Chez [&hellip;]\" \/>\n<meta property=\"og:url\" content=\"https:\/\/site28.monsitecommeunpro.fr\/?page_id=40\" \/>\n<meta property=\"article:modified_time\" content=\"2026-03-10T07:17:32+00:00\" \/>\n<meta property=\"og:image\" content=\"https:\/\/site28.monsitecommeunpro.fr\/wp-content\/uploads\/2026\/03\/Image-4.jpeg\" \/>\n\t<meta property=\"og:image:width\" content=\"740\" \/>\n\t<meta property=\"og:image:height\" content=\"420\" \/>\n\t<meta property=\"og:image:type\" content=\"image\/jpeg\" \/>\n<meta name=\"twitter:card\" content=\"summary_large_image\" \/>\n<script type=\"application\/ld+json\" class=\"yoast-schema-graph\">{\"@context\":\"https:\/\/schema.org\",\"@graph\":[{\"@type\":\"WebPage\",\"@id\":\"https:\/\/site28.monsitecommeunpro.fr\/?page_id=40\",\"url\":\"https:\/\/site28.monsitecommeunpro.fr\/?page_id=40\",\"name\":\"Estimer mon bien -\",\"isPartOf\":{\"@id\":\"https:\/\/site28.monsitecommeunpro.fr\/#website\"},\"primaryImageOfPage\":{\"@id\":\"https:\/\/site28.monsitecommeunpro.fr\/?page_id=40#primaryimage\"},\"image\":{\"@id\":\"https:\/\/site28.monsitecommeunpro.fr\/?page_id=40#primaryimage\"},\"thumbnailUrl\":\"https:\/\/site28.monsitecommeunpro.fr\/wp-content\/uploads\/2026\/03\/Image-4.jpeg\",\"datePublished\":\"2026-03-03T09:36:14+00:00\",\"dateModified\":\"2026-03-10T07:17:32+00:00\",\"breadcrumb\":{\"@id\":\"https:\/\/site28.monsitecommeunpro.fr\/?page_id=40#breadcrumb\"},\"inLanguage\":\"fr-FR\",\"potentialAction\":[{\"@type\":\"ReadAction\",\"target\":[\"https:\/\/site28.monsitecommeunpro.fr\/?page_id=40\"]}]},{\"@type\":\"ImageObject\",\"inLanguage\":\"fr-FR\",\"@id\":\"https:\/\/site28.monsitecommeunpro.fr\/?page_id=40#primaryimage\",\"url\":\"https:\/\/site28.monsitecommeunpro.fr\/wp-content\/uploads\/2026\/03\/Image-4.jpeg\",\"contentUrl\":\"https:\/\/site28.monsitecommeunpro.fr\/wp-content\/uploads\/2026\/03\/Image-4.jpeg\",\"width\":740,\"height\":420},{\"@type\":\"BreadcrumbList\",\"@id\":\"https:\/\/site28.monsitecommeunpro.fr\/?page_id=40#breadcrumb\",\"itemListElement\":[{\"@type\":\"ListItem\",\"position\":1,\"name\":\"Accueil\",\"item\":\"https:\/\/site28.monsitecommeunpro.fr\/\"},{\"@type\":\"ListItem\",\"position\":2,\"name\":\"Estimer mon bien\"}]},{\"@type\":\"WebSite\",\"@id\":\"https:\/\/site28.monsitecommeunpro.fr\/#website\",\"url\":\"https:\/\/site28.monsitecommeunpro.fr\/\",\"name\":\"\",\"description\":\"\",\"potentialAction\":[{\"@type\":\"SearchAction\",\"target\":{\"@type\":\"EntryPoint\",\"urlTemplate\":\"https:\/\/site28.monsitecommeunpro.fr\/?s={search_term_string}\"},\"query-input\":{\"@type\":\"PropertyValueSpecification\",\"valueRequired\":true,\"valueName\":\"search_term_string\"}}],\"inLanguage\":\"fr-FR\"}]}<\/script>\n<!-- \/ Yoast SEO plugin. -->","yoast_head_json":{"title":"Estimer mon bien -","robots":{"index":"index","follow":"follow","max-snippet":"max-snippet:-1","max-image-preview":"max-image-preview:large","max-video-preview":"max-video-preview:-1"},"canonical":"https:\/\/site28.monsitecommeunpro.fr\/?page_id=40","og_locale":"fr_FR","og_type":"article","og_title":"Estimer mon bien -","og_description":"\ud83d\udcca Estimez votre bien gratuitement Vous souhaitez conna\u00eetre la valeur r\u00e9elle de votre maison ou appartement \u00e0 Sedan ? Chez [&hellip;]","og_url":"https:\/\/site28.monsitecommeunpro.fr\/?page_id=40","article_modified_time":"2026-03-10T07:17:32+00:00","og_image":[{"width":740,"height":420,"url":"https:\/\/site28.monsitecommeunpro.fr\/wp-content\/uploads\/2026\/03\/Image-4.jpeg","type":"image\/jpeg"}],"twitter_card":"summary_large_image","schema":{"@context":"https:\/\/schema.org","@graph":[{"@type":"WebPage","@id":"https:\/\/site28.monsitecommeunpro.fr\/?page_id=40","url":"https:\/\/site28.monsitecommeunpro.fr\/?page_id=40","name":"Estimer mon bien -","isPartOf":{"@id":"https:\/\/site28.monsitecommeunpro.fr\/#website"},"primaryImageOfPage":{"@id":"https:\/\/site28.monsitecommeunpro.fr\/?page_id=40#primaryimage"},"image":{"@id":"https:\/\/site28.monsitecommeunpro.fr\/?page_id=40#primaryimage"},"thumbnailUrl":"https:\/\/site28.monsitecommeunpro.fr\/wp-content\/uploads\/2026\/03\/Image-4.jpeg","datePublished":"2026-03-03T09:36:14+00:00","dateModified":"2026-03-10T07:17:32+00:00","breadcrumb":{"@id":"https:\/\/site28.monsitecommeunpro.fr\/?page_id=40#breadcrumb"},"inLanguage":"fr-FR","potentialAction":[{"@type":"ReadAction","target":["https:\/\/site28.monsitecommeunpro.fr\/?page_id=40"]}]},{"@type":"ImageObject","inLanguage":"fr-FR","@id":"https:\/\/site28.monsitecommeunpro.fr\/?page_id=40#primaryimage","url":"https:\/\/site28.monsitecommeunpro.fr\/wp-content\/uploads\/2026\/03\/Image-4.jpeg","contentUrl":"https:\/\/site28.monsitecommeunpro.fr\/wp-content\/uploads\/2026\/03\/Image-4.jpeg","width":740,"height":420},{"@type":"BreadcrumbList","@id":"https:\/\/site28.monsitecommeunpro.fr\/?page_id=40#breadcrumb","itemListElement":[{"@type":"ListItem","position":1,"name":"Accueil","item":"https:\/\/site28.monsitecommeunpro.fr\/"},{"@type":"ListItem","position":2,"name":"Estimer mon bien"}]},{"@type":"WebSite","@id":"https:\/\/site28.monsitecommeunpro.fr\/#website","url":"https:\/\/site28.monsitecommeunpro.fr\/","name":"","description":"","potentialAction":[{"@type":"SearchAction","target":{"@type":"EntryPoint","urlTemplate":"https:\/\/site28.monsitecommeunpro.fr\/?s={search_term_string}"},"query-input":{"@type":"PropertyValueSpecification","valueRequired":true,"valueName":"search_term_string"}}],"inLanguage":"fr-FR"}]}},"uagb_featured_image_src":{"full":false,"thumbnail":false,"medium":false,"medium_large":false,"large":false,"1536x1536":false,"2048x2048":false},"uagb_author_info":{"display_name":"admin","author_link":"https:\/\/site28.monsitecommeunpro.fr\/?author=1"},"uagb_comment_info":0,"uagb_excerpt":"\ud83d\udcca Estimez votre bien gratuitement Vous souhaitez conna\u00eetre la valeur r\u00e9elle de votre maison ou appartement \u00e0 Sedan ? Chez [&hellip;]","_links":{"self":[{"href":"https:\/\/site28.monsitecommeunpro.fr\/index.php?rest_route=\/wp\/v2\/pages\/40","targetHints":{"allow":["GET"]}}],"collection":[{"href":"https:\/\/site28.monsitecommeunpro.fr\/index.php?rest_route=\/wp\/v2\/pages"}],"about":[{"href":"https:\/\/site28.monsitecommeunpro.fr\/index.php?rest_route=\/wp\/v2\/types\/page"}],"author":[{"embeddable":true,"href":"https:\/\/site28.monsitecommeunpro.fr\/index.php?rest_route=\/wp\/v2\/users\/1"}],"replies":[{"embeddable":true,"href":"https:\/\/site28.monsitecommeunpro.fr\/index.php?rest_route=%2Fwp%2Fv2%2Fcomments&post=40"}],"version-history":[{"count":4,"href":"https:\/\/site28.monsitecommeunpro.fr\/index.php?rest_route=\/wp\/v2\/pages\/40\/revisions"}],"predecessor-version":[{"id":139,"href":"https:\/\/site28.monsitecommeunpro.fr\/index.php?rest_route=\/wp\/v2\/pages\/40\/revisions\/139"}],"wp:attachment":[{"href":"https:\/\/site28.monsitecommeunpro.fr\/index.php?rest_route=%2Fwp%2Fv2%2Fmedia&parent=40"}],"curies":[{"name":"wp","href":"https:\/\/api.w.org\/{rel}","templated":true}]}}